)/(1/(-2)). Suppose 0 = 4*t - s - 83. Calculate the remainder when t is divided by 10.
6
Calculate the remainder when (90/(-27) - -2) + 638/6 is divided by 31.
12
Calculate the remainder when 68 is divided by ((-2)/(-6) - -1)/((-2)/(-36)).
20
Let m(y) = 5*y**2 + 17*y - 35. What is the remainder when m(8) is divided by 108?
97
Let t(m) = 14*m**2 + 2*m + 1. Let o(s) = 0*s - 1 + 0*s**2 + s**2 - 4*s - s. Let c be o(5). Calculate the remainder when 23 is divided by t(c).
10
Suppose 0 = -y - 3 - 2. Calculate the remainder when (-2 + 3)*(114 - y) is divided by 30.
29
Calculate the remainder when (587 + (-1 - 0))*431/862 is divided by 49.
48
Let w(f) = 4*f + 10. Let l be w(0). Suppose 0 = 5*n - 75 - l. What is the remainder when 26 is divided by n?
9
Let g(w) = -w**3 - 14*w**2 - 9*w + 5. Let d be g(-13). Let x(i) = 95*i**2 + i - 1. Let o be x(1). Let f = d + o. What is the remainder when f is divided by 10?
8
Calculate the remainder when 399 is divided by (200/(-70))/(2/(-14)).
19
Let b(v) = -7*v**3 - 4*v**2 - 6*v - 3. Calculate the remainder when b(-2) is divided by 35.
14
What is the remainder when 167 is divided by ((-102)/(-3))/1 + -6?
27
Let w(g) = g**3 + 6*g**2 + g + 17. What is the remainder when 21 is divided by w(-6)?
10
Suppose 187 = 7*f - 212. Calculate the remainder when f is divided by 16.
9
Suppose -d - 5*v = -0*v + 16, 5*v = -5*d. Suppose d*c + 117 = 5*n + 22, -3*n - 5*c + 20 = 0. What is the remainder when 41 is divided by n?
11
Suppose 0 = -2*m + 2*z - z - 23, -21 = 4*m + 3*z. Suppose -4*t = t + 90. Let p = m - t. What is the remainder when 44 is divided by p?
8
Suppose 13473 = 22*j + 3463. What is the remainder when j is divided by 57?
56
Suppose -21 + 65 = 2*c. Calculate the remainder when c is divided by 8.
6
Suppose -5*h + 71 = -2*q + 3*q, -q + h + 59 = 0. Suppose q = g + 37. Let p(i) = -33*i - 4. Calculate the remainder when p(-3) is divided by g.
23
Suppose -13*u + 940 = -3*u. Calculate the remainder when u is divided by 21.
10
Suppose 2*d + 2*d - 3*y = 151, -4*d + 2*y = -154. What is the remainder when 199 is divided by d?
39
Suppose -102*d + 114*d = 240. What is the remainder when 84 is divided by d?
4
Let o(r) = 2*r + 5. Let s be 30/(-12)*(-8)/10. Suppose 5*b - 38 = h, -3*b + 0*h - s*h = -15. What is the remainder when o(4) is divided by b?
6
Suppose -z + 2*z + 4*p = -25, 0 = -4*p + 20. Calculate the remainder when (-1)/(138/z - -3) is divided by 9.
6
Let n(r) = r**3 + 5*r**2 - 4*r - 4. What is the remainder when n(-4) is divided by 5?
3
Let r = 18 - 39. Let s = r + 52. Calculate the remainder when 10/(-35) + (-1712)/(-14) is divided by s.
29
Let k = -42 + 46. Suppose 3*x - 4*h + 5 = -0*h, 3*x - 3*h = 0. Calculate the remainder when x is divided by k.
1
Suppose -36*o + 43*o = 63. Calculate the remainder when o is divided by 2.
1
Calculate the remainder when (-1 - -2)/(6/3564) is divided by 25.
19
Suppose -357 = -3*k + 3*b, 5*k = -50*b + 45*b + 555. Suppose 0 = 5*f - 24 - 121. Calculate the remainder when k is divided by f.
28
Let v = 159 + -226. Let t = v + 84. Calculate the remainder when t is divided by 6.
5
Let t(c) = -c - 8. Let v be t(-10). Suppose g + 0*g - 72 = -b, 149 = v*b + g. Calculate the remainder when b is divided by 26.
25
Let c = 758 + -200. Calculate the remainder when c is divided by 56.
54
Let v = 110 - 84. What is the remainder when 97 is divided by v?
19
Calculate the remainder when 9976/52 - (-2)/13 is divided by 183.
9
Suppose 96 = 3*q - 3*g + g, -3 = g. Suppose s - 6 = q. Let y = s - -17. Calculate the remainder when y is divided by 9.
8
Let b(c) = 3*c + 28. What is the remainder when 38 is divided by b(-8)?
2
Let q(g) = g + 16. Let m be q(-12). Suppose 2*a - 3*a = 5*x + 5, x = m*a + 62. Let l = -9 - a. What is the remainder when 15 is divided by l?
3
Suppose -15*z + 4*v + 191 = -14*z, -2*v + 836 = 4*z. Calculate the remainder when z is divided by 53.
48
Let v = -9 - -20. Suppose 83*a = 57*a + 832. What is the remainder when a is divided by v?
10
Let z = 600 + -576. What is the remainder when (-94)/1*(0 + -1) is divided by z?
22
Let f be ((-24)/10)/((-21)/70). Suppose 3*h - l - 3 = f, 4*l = -2*h - 2. What is the remainder when h is divided by 1?
0
Let b = 748 - 606. Calculate the remainder when b is divided by 15.
7
Calculate the remainder when ((-51)/1 - -2)*-1 is divided by 16.
1
Let r(u) = -5*u**2 + 38*u + 22. Calculate the remainder when 508 is divided by r(7).
35
Let v be 4/(-36)*-186 - (-2)/(-3). Suppose -18*n - 48 = -v*n. Calculate the remainder when 86 is divided by n.
14
Suppose -2*a - 5881 = -5985. Calculate the remainder when a is divided by 32.
20
Suppose 546 = -5*y + 146. Calculate the remainder when 52 is divided by (y/(-5))/(-4) + 15.
8
Let g = -1351 + 1368. What is the remainder when 143 is divided by g?
7
Let u(w) = 13*w - 18 - 9*w + 4. Let a be u(8). Suppose -5*z + a = -4*z. Calculate the remainder when 33 is divided by z.
15
Suppose 0 = 5*c - 5*a - 160 + 45, a - 55 = -2*c. Calculate the remainder when 1611 is divided by c.
25
Suppose q = 3*q + 2*j - 800, 0 = -q + 3*j + 400. Suppose -q = 3*t - 7*t - 2*g, -4*g = 3*t - 305. What is the remainder when t is divided by 17?
14
Suppose 5*w = 6 + 4, z + 4*w = 11. Suppose -6*d + 5*d = 22. Calculate the remainder when 1 - (d + (5 - z)) is divided by 11.
10
Let m(n) = 16*n - 11. Let s = 0 + 13. What is the remainder when m(2) is divided by s?
8
Let w = -19 + 7. Calculate the remainder when (-6)/9 - 176/w is divided by 4.
2
Suppose 425 = 32*h + 41. Let t(r) = -8*r - 7. What is the remainder when t(-5) is divided by h?
9
Suppose 63*s = 67*s - 632. What is the remainder when s is divided by 48?
14
Let y be (-2 + -2)/(-4)*(0 + 2). Suppose 0 = y*r + 12 - 54. Calculate the remainder when r is divided by 12.
9
Let p(x) = 14*x**2 - 1. Suppose -4*f + 33 = -3*s, 7*s - 3*s = 4*f - 36. What is the remainder when p(-1) is divided by f?
1
Let z(w) = 5*w**2 + 1. Let b(v) = -v**2 + 7*v - 4. Let y be b(5). Suppose 0 = m - 0*m - a, -5*a - y = m. Calculate the remainder when z(m) is divided by 4.
2
Let x(w) = -15*w - 6. Let u(b) = 76*b + 31. Let t(m) = -2*u(m) - 11*x(m). Calculate the remainder when t(3) is divided by 23.
20
Suppose 5*a = -72 - 28. Calculate the remainder when ((-44)/8)/(2 - (-42)/a) is divided by 19.
17
Suppose 10*v - 291 = -121. Let l(m) = 7*m**2 + 2. What is the remainder when l(2) is divided by v?
13
Let t(u) = -u**3 - u**2 - 3*u - 2. Let o be t(-2). Let l = 29 + o. Calculate the remainder when l is divided by 19.
18
Suppose 0 = -108*m + 46*m + 2852. Calculate the remainder when m is divided by 9.
1
Suppose -9*z + 240 = -12*z. Let m = 89 + z. What is the remainder when 26 is divided by m?
8
Suppose -4*q + 18 = g, -g + 3*q - 2 = -6. Calculate the remainder when 119 is divided by g.
9
Suppose -4*h - z = -12, 2*z + 24 = 2*h + 7*z. Suppose -2*q + q = -2*p - 13, 41 = 5*q + h*p. What is the remainder when 26 is divided by q?
8
Let x(p) = -17*p**2 - 6 - 15*p**2 + 33*p**2 - 4*p + 13*p. Let t(l) = -16*l - 1. Calculate the remainder when t(-5) is divided by x(-11).
15
Let j = 51 + -44. Suppose 15*c - j*c = 88. What is the remainder when 73 is divided by c?
7
Calculate the remainder when 80 is divided by (-5 - (-231)/14)*(-12)/(-2).
11
Suppose 3*y + 30 = j, j + y + 0 = 18. Let z = j + 66. Calculate the remainder when z is divided by (-4)/18 - (-272)/9.
27
Let c(s) = -s**2 - 10*s + 17. Let l = -3 - 7. Suppose 4*b = -8*i + 3*i + 61, 47 = 3*b + 4*i. What is the remainder when c(l) is divided by b?
8
Let t = -3 - -26. Calculate the remainder when 113 is divided by t.
21
Let w be 9/21 + 218/14. Let f(j) = -j**2 + 22*j - 9. What is the remainder when f(w) is divided by 22?
21
Suppose -5*x - 1493 = -3*g - 512, 4*g - x - 1325 = 0. What is the remainder when g is divided by 115?
102
Suppose 4*h = 6 + 6, 4*d = -h - 1. Suppose -105*j = -17*j - 6512. What is the remainder when j is divided by 2/d*(-19)/2?
17
Let g be (-56)/21 - -6 - (-8)/(-6). Suppose 0*h = g*h - 214. Calculate the remainder when h is divided by 27.
26
Suppose 3*v = 2*l + 211, 4*l + l + 2*v + 518 = 0. Suppose 5*p = 376 + 164. What is the remainder when (-1)/(1 + p/l) is divided by 7?
5
Let d(x) = -x**2 + 3*x - 2. Let n be d(2). Let l = n - -23. Suppose 5*o + 205 = 5*g, 2*g - 110 = -0*g - 5*o. C